8a7
What is 7a78 (base 15) in base 5?
1312423
5525122 (base 6) to base 15
56b22
-12003010321 (base 4) to base 3
-2222112211221
72997 (base 12) to base 8
445003
What is 260603 (base 7) in base 6?
1011405
Convert 394c34 (base 15) to base 14.
518287
Convert 42a63 (base 12) to base 15.
1b0b0
10001110111001111111001 (base 2) to base 3
22210220112000
Convert -37180 (base 13) to base 4.
-120233113
-354368 (base 9) to base 15
-43268
1402130301 (base 5) to base 12
123363b
What is -40887 (base 16) in base 6?
-5355423
What is -45668 (base 9) in base 4?
-13123211
362202 (base 9) to base 14
596d1
Convert 10010001000101100000 (base 2) to base 15.
bb132
Convert -89a189 (base 15) to base 3.
-110100112010010
Convert 110331023 (base 4) to base 7.
505151
12d0d6 (base 16) to base 15
195575
Convert 167565 (base 10) to base 11.
104992
-109267 (base 11) to base 4
-222110201
Convert -67501 (base 14) to base 10.
-250685
Convert -5600523 (base 8) to base 11.
-93a807
Convert 30b07 (base 14) to base 11.
80238
What is 4132323244 (base 5) in base 2?
100000010110010001010000
What is -4271bc (base 13) in base 10?
-1557997
Convert b439b (base 15) to base 16.
8b73c
What is -203486 (base 15) in base 6?
-52442513
Convert -a981b (base 16) to base 11.
-434701
What is -2345344 (base 7) in base 13?
-a538b
Convert 331b (base 13) to base 12.
4156
What is -11110110110101001 (base 2) in base 10?
-126377
-1210013423 (base 6) to base 11
-7820299
30b89 (base 14) to base 4
130230111
What is 725a9 (base 15) in base 4?
1120132221
21392 (base 10) to base 4
11032100
What is -365f1 (base 16) in base 8?
-662761
-6a813 (base 13) to base 10
-194704
What is 2044635 (base 9) in base 6?
35230052
-4215034 (base 6) to base 2
-110001111100011110
1075725 (base 9) to base 13
174959
-13431514 (base 7) to base 11
-785316
Convert 1408825 (base 9) to base 12.
313bb8
Convert 181806 (base 14) to base 8.
3173076
What is -5990273 (base 11) in base 7?
-154506303
-101011211010 (base 4) to base 9
-8376400
-10347420 (base 8) to base 6
-115253504
What is 1863797 (base 11) in base 4?
30001231321
What is -3033012002 (base 4) in base 15?
-11b508
333120202 (base 4) to base 10
259618
-793780 (base 15) to base 6
-323541250
Convert 1a352 (base 11) to base 5.
1401441
42510345 (base 6) to base 12
5053b5
Convert -101101100100011000 (base 2) to base 15.
-3a483
What is 1c8c29 (base 16) in base 3?
10112001101012
What is 10540256 (base 10) in base 16?
a0d4e0
What is -300027 (base 9) in base 7?
-1335352
Convert 392929 (base 11) to base 10.
618704
-2b7bb9 (base 14) to base 7
-15626522
What is 10010101001011011110 (base 2) in base 8?
2251336
Convert -21e7e (base 16) to base 10.
-138878
Convert -1100110120221 (base 3) to base 5.
-140432031
What is -101203422 (base 5) in base 4?
-1210310323
What is -10110010001011010 (base 2) in base 8?
-262132
Convert -1006439 (base 12) to base 10.
-2996973
Convert -1131536 (base 10) to base 8.
-4242020
What is -10000001000010100101 (base 2) in base 13?
-156768
-35444305 (base 8) to base 11
-4415111
1000101200 (base 3) to base 2
100111000000011
3a90c8 (base 16) to base 13
a44cc6
Convert -747019 (base 12) to base 4.
-13000131111
-bc13e (base 15) to base 2
-10010001111010011011
Convert 101044024 (base 5) to base 2.
1100011111010110000
Convert -1644564 (base 8) to base 6.
-14122524
Convert 10001000211 (base 3) to base 8.
164630
What is 201211121 (base 3) in base 10?
14461
Convert -24200 (base 12) to base 4.
-23320200
Convert -630216 (base 7) to base 16.
-1a67c
111001000011111010 (base 2) to base 15
493b7
What is 120003230312 (base 4) in base 16?
603b36
256720 (base 15) to base 7
21150351
What is 467500 (base 8) in base 15?
3241c
What is -170093 (base 12) in base 16?
-6036f
Convert -1755243 (base 11) to base 14.
-577947
Convert -9ccc (base 14) to base 9.
-41313
What is -1426251 (base 8) in base 4?
-1202302221
92198 (base 13) to base 16
3fe69
Convert -115560503 (base 7) to base 13.
-16795ca
What is 6ac20 (base 13) in base 6?
4104330
Convert -110001000101000110 (base 2) to base 4.
-301011012
Convert 67713 (base 13) to base 3.
100112210220
Convert 11033200 (base 7) to base 12.
3995aa
-12764372 (base 9) to base 13
-13c8488
What is 14300202 (base 7) in base 15?
1b8640
Convert -3c66c7 (base 14) to base 5.
-1013423104
Convert 3284b (base 12) to base 6.
1233335
2198dd0 (base 14) to base 8
74722132
Convert -11020022111021 (base 3) to base 13.
-60a1bc
-10133132210 (base 4) to base 2
-100011111011110100100
What is -93550c (base 14) in base 10?
-4970376
c5360 (base 14) to base 15
95cc4
244618 (base 12) to base 16
8fa74
Convert -25080 (base 14) to base 5.
-10400124
Convert 331214230 (base 5) to base 9.
2617577
What is -11fc6c (base 16) in base 12?
-48a178
-1311203330 (base 4) to base 15
-97a22
Convert 2aeb4c (base 16) to base 14.
5330a8
What is -aea176 (base 15) in base 7?
-130600626
-6863028 (base 10) to base 5
-3224104103
What is -b34d4 (base 16) in base 13?
-1c938b
10202303002 (base 4) to base 15
187dc1
What is 32112303122 (base 4) in base 9?
7065385
1561233 (base 7) to base 3
102000001120
Convert -1112001011110 (base 3) to base 9.
-1461143
Convert 65525 (base 8) to base 10.
27477
11402043 (base 5) to base 2
11010000000011011
Convert -30000113 (base 4) to base 13.
-194c9
What is -321202022 (base 4) in base 15?
-49c58
-5ada66 (base 16) to base 8
-26555146
-1012121020001 (base 3) to base 7
-5311540
What is -50556 (base 9) in base 15?
-9cc6
-10434420010 (base 5) to base 2
-101100011001011111100011
What is -29817 (base 15) in base 5?
-13232242
-1111110022221 (base 3) to base 12
-3249b1
-31332413 (base 5) to base 15
-527a8
Convert -1142244004 (base 5) to base 11.
-1582125
Convert -79656 (base 12) to base 15.
-32d59
What is acca59 (base 13) in base 4?
33211001032
-1708c (base 13) to base 2
-1010110000011000
What is 10002001221 (base 3) in base 9?
102057
What is 11001010111111011 (base 2) in base 12?
5018b
12212212200 (base 3) to base 4
130101231
What is 3e11 (base 15) in base 13?
6085
What is -851714 (base 10) in base 12?
-350a82
-1100253524 (base 6) to base 5
-11003431223
Convert 1b4b2b2 (base 12) to base 4.
112032033212
What is -303142313 (base 5) in base 7?
-13260402
500947b (base 12) to base 6
1252203035
What is -20549b (base 15) in base 13?
-41a596
Convert -1501021 (base 7) to base 11.
-128885
What is 16a78 (base 11) in base 5?
1231142
What is -2001666 (base 7) in base 8?
-714717
Convert 234255430 (base 6) to base 16.
43466a
5102148 (base 10) to base 15
6abb33
1071152 (base 8) to base 6
10125122
Convert -176156 (base 8) to base 6.
-1215102
-1231130233 (base 4) to base 6
-13335251
15436 (base 14) to base 7
310266
23addb (base 15) to base 6
100333042
What is 20101012121 (base 3) in base 11?
86357
What is 3030321313 (base 4) in base 8?
3147167
-41355 (base 12) to base 9
-138742
What is -355304345 (base 6) in base 14?
-c643d7
Convert 12220211000 (base 3) to base 11.
7a594
-237d2a (base 14) to base 8
-4500422
-1873d3 (base 14) to base 4
-3103031231
1433017 (base 10) to base 16
15ddb9
-643231 (base 7) to base 13
-3ba43
What is -21452052 (base 7) in base 15?
-266896
-40708 (base 12) to base 8
-243770
What is -59e7cc (base 16) in base 10?
-5892044
Convert 609b4b (base 13) to base 15.
2e6788
-6869c (base 13) to base 6
-4024005
-23daa (base 14) to base 2
-10101011011010010
Convert -15333122 (base 6) to base 14.
-1012c2
-95b09 (base 14) to base 7
-3034212
-85b34 (base 15) to base 7
-3415213
Convert -4234302401 (base 5) to base 2.
-100001111100111011111111
What is -157600 (base 8) in base 15?
-11e46
-2200001 (base 5) to base 9
-56387
-21255524 (base 6) to base 10
-629836
Convert -51564450 (base 7) to base 6.
-232531200
What is 12154233 (base 7) in base 6?
35202203
-4474aa (base 12) to base 11
-685816
What is 245586 (base 13) in base 9?
1563650
Convert -12013304 (base 5) to base 12.
-53b06
-10100110002202 (base 3) to base 10
-1780292
What is -6465 (base 13) in base 11?
-a524
Convert 44664 (base 12) to base 6.
1540204
-10a9867 (base 12) to base 5
-1310211002
-29765 (base 12) to base 8
-161375
What is -101000010010100110110 (base 2) in base 14?
-2651d4
What is 187056 (base 11) in base 16?
46345
Convert -2210150 (base 6) to base 7.
-636234
42303220 (base 5) to base 4
1112110120
-783235 (base 10) to base 2
-10111111001110000011
-